s divided by y?
55
Let o(l) = -6*l + 34. Let c(b) = -25*b + 137. Let k(n) = -2*c(n) + 9*o(n). What is the remainder when k(-16) is divided by 2392/72 + (-2)/9?
30
Suppose -4*b + 2*j + 8587 = -3755, -5*b = 4*j - 15447. Calculate the remainder when b is divided by 103.
100
Suppose -n + 4*h = -542, -1125*h - 2764 = -5*n - 1123*h. Calculate the remainder when n is divided by 3.
2
Suppose -309*z + 316*z = -266. What is the remainder when (-19)/z*(104 + 6/3) is divided by 14?
11
Suppose -117*m + 139898 + 161072 + 60443 = 0. What is the remainder when m is divided by 1023?
20
Suppose -1085 = 11*d - 29. What is the remainder when 79 is divided by (-6 - d/6) + -5?
4
Let p = -13181 - -13466. What is the remainder when 1984 is divided by p?
274
Suppose -2*x = x - 21. Let l = 19 - x. Calculate the remainder when (-493)/(-12) - ((9 + -7)/2)/12 is divided by l.
5
Suppose 5*a + h - 11 = 0, 0 = -4*a - 0*h - 2*h + 10. What is the remainder when 58 is divided by (-38 - -80)*a/7?
10
Suppose -8*o + 5*o + 231 = 0. Suppose -4*c + 194 = -194. What is the remainder when c is divided by (-2)/3 + o/3?
22
Let h = 83 + -24. Calculate the remainder when (-94)/(3/(7/(672/(-90))) + 3) is divided by h.
57
Suppose -1556 = -7*s + 257. Let l = s + -222. What is the remainder when l is divided by 11?
4
Suppose 12*u - 3131 = -9*u - 80*u. What is the remainder when 2036 is divided by u?
21
Let w(y) = -y**3 - 87*y**2 - 506*y + 3. Calculate the remainder when 611 is divided by w(-6).
119
Suppose 10 = 5*c - 2*n - 0*n, 0 = c + 3*n + 15. What is the remainder when ((-1272)/(-30) - 5) + (-18)/45 is divided by 2 + 34/2 + c?
18
Let k(t) = 2*t + 36. Let x(b) = -b**2 - 27*b - 74. What is the remainder when k(9) is divided by x(-22)?
18
Suppose -2*j + 22 = -2*s, -55*s + 50*s + 17 = 3*j. What is the remainder when 3264 is divided by j?
6
Suppose -3*h - 31 + 238 = w, 365 = 5*h - 5*w. Suppose -203 + 287 = 4*b. Calculate the remainder when h is divided by b.
7
Let u = -2564 - -2913. Calculate the remainder when u is divided by 25.
24
Let m = 2113 + -2110. What is the remainder when (79/2)/((-2)/(-4)) is divided by m?
1
Let x = 36114 + -36111. Let o(b) be the first derivative of -b**4/4 + 3*b**3 - 7*b**2/2 + 9*b - 2. Calculate the remainder when o(8) is divided by x.
2
Suppose 190 = 2*r + 3*r. What is the remainder when (68834/(-2439))/((-4)/18) is divided by r?
13
Let q(w) be the first derivative of 3*w**2/2 - 7*w - 665. Let a(i) = i**3 + 7*i**2 + 6*i + 8. Let u be a(-6). What is the remainder when q(u) is divided by 9?
8
Suppose -2*o + 8038 - 2282 = -4*s, -2890 = 2*s + 2*o. Let k = -226 - s. Suppose 3*u = 0, 3*f - k = -2*f + u. What is the remainder when f is divided by 35?
33
Calculate the remainder when 494/4 + 21 + (-943)/46 is divided by 71.
53
Let a = 797 - 329. Suppose -a = -21*s + 12*s. Calculate the remainder when 91 is divided by s.
39
Suppose -558*g = -561*g. Suppose g*f + 2*q + 256 = 4*f, f - 69 = 3*q. Calculate the remainder when f is divided by 13.
11
Suppose -140*x + 5313 = -9247. What is the remainder when x is divided by 18?
14
Let r be 1/2 - 4/(-8). Let o = r - -40. Calculate the remainder when 135 is divided by o.
12
What is the remainder when 1143 is divided by 38710/1659*12/10?
23
Let m = 4396 - 4180. What is the remainder when m is divided by 34?
12
Suppose -257*l + 62*l = -24570. Calculate the remainder when 3903 is divided by l.
123
Let u = -3564 + 4542. What is the remainder when u is divided by 26?
16
Suppose -2*u + 53 = -73. Let c = 17188 + -17172. What is the remainder when u is divided by c?
15
Suppose -168*y + 177*y - 72 = 0. Suppose 16 = 4*i, -y*t + 3*t = 3*i - 1677. Calculate the remainder when t is divided by 16.
13
Let k = 13 - 4. Let o(v) = v**3 - 12*v**2 + 4*v - 4. Let h be o(k). Let y = h - -364. What is the remainder when y is divided by 31?
29
Let h(x) = -x**3 - 47*x**2 - 172*x + 61. Suppose -4*a + 2184 = -0*t + 4*t, t = -2*a + 547. What is the remainder when t is divided by h(-43)?
57
Let s = 1373 - 1255. Calculate the remainder when 700 is divided by s.
110
Let p = -77 - -89. Suppose -4*l = -l + p, 200 = 5*m + 5*l. Suppose -4*v = -7*v + 258. Calculate the remainder when v is divided by m.
42
Let x(w) = 10*w**2 + 2*w. Let o be x(3). Let b = -238 + 345. What is the remainder when b is divided by ((-9)/(-6))/(4/o)?
35
Let r(z) = -z - 2. Let v be r(-3). Let k(t) = 3 + v - 7*t + 5*t**2 - 15*t**3 + 16*t**3. Calculate the remainder when 17 is divided by k(-6).
7
Suppose -5*t + 2*l = 2, -2*t + 4 = 4*l + 24. Let k = 4 - t. What is the remainder when 44 is divided by -8*4*(-3)/k?
12
Suppose 2*b + 19 = 223. Let o(a) = 9*a**2 + 189*a + 630. What is the remainder when b is divided by o(-4)?
12
Calculate the remainder when (-12)/8*2/6*(0 + -182) is divided by 25.
16
Let z(c) be the first derivative of 10*c**2 - 2*c + 2. Suppose -5*m + 5*u = 0, 4 = 74*u - 70*u. What is the remainder when 52 is divided by z(m)?
16
Suppose 0*u = 3*o + 5*u + 25, 2*u = 4*o - 10. Suppose o = -68*f + 67*f + 28. Calculate the remainder when f is divided by 11.
6
Let n(c) = -2*c - 2. Let m be n(-3). What is the remainder when 2 - m - -6 - (2 + -11) is divided by 3?
1
Let n = -1771 - -1804. What is the remainder when 1141 is divided by n?
19
Suppose -y - 64 + 82 = -2*b, -2*y - 5*b + 36 = 0. What is the remainder when 851 is divided by y?
5
Let j(y) = -101*y + 730. What is the remainder when 85 is divided by j(7)?
16
Calculate the remainder when (-1 + 59/3)*9 is divided by (3/(-14))/(9/(-12)) - 2096/(-112).
16
Suppose 0*t + 54*t = 11*t + 7353. Suppose -3*i - 2*f - 59 = 0, 5*f + 42 + 53 = -5*i. Let b = i - -50. Calculate the remainder when t is divided by b.
26
Suppose -47*m + 54624 = 86*m - 37*m. What is the remainder when m is divided by 243?
83
Suppose 6787 = 172*z - 4909. Suppose -4*g + 5 = 2*y - 15, 3*y - 2*g - 62 = 0. Calculate the remainder when z is divided by y.
14
Let n = 21 - 14. Let f(x) = 31*x - 410. What is the remainder when f(14) is divided by n?
3
Let s = -141 - -161. Let d = -14 - 1. Calculate the remainder when s is divided by 1956/180 - 2/d.
9
Suppose -r + 2*x = -232 + 87, 1354 = 10*r + 4*x. Calculate the remainder when 140 is divided by r.
3
Suppose 5*s = -2*l + 1685 + 9603, 4508 = 2*s - l. Calculate the remainder when s is divided by 15.
6
Let f = -8 + 26. Let i = -22 + f. What is the remainder when 43 is divided by (-1 - i)/((-3)/(-11))?
10
Calculate the remainder when 381 is divided by (-2)/(-3)*(-180 + 178)*(-555)/2.
11
Suppose 0 = 6*f - 4*f. Suppose -43*w + 44*w = 20. Suppose f = -2*k + w + 12. What is the remainder when 29 is divided by k?
13
Let s(q) be the second derivative of -q**5/20 + q**4/6 + q**3/6 - 5*q**2/2 - 44*q + 1. What is the remainder when s(-4) is divided by 6?
3
Let j(x) = 4*x - 7. Let g be j(2). Calculate the remainder when (350/45)/g - (-2)/9 is divided by 2 + 3 + (-1)/(-1).
2
Suppose 3*b - 6747 = 5*b - 3*b. What is the remainder when b is divided by 9?
6
Let c(g) = -2*g**2 - 3*g - 21. Let w be c(-3). Let v = w - -37. Calculate the remainder when 11 is divided by v.
4
Suppose 0 = 2*t - t - 19. Let h = 776 - 2597. What is the remainder when 12/(-66) - h/33 is divided by t?
17
Calculate the remainder when (4423560/1158)/(-1 + 5) is divided by 23.
12
Let w = 1203 - -4103. Let z be 22/(-99) - (w/(-9))/(-2). What is the remainder when 230 is divided by z/(-15) - 4/(-3)?
20
Suppose -4*q + 16 = 0, 29 = -3*w + 3*q + 2*q. Let x(a) = -a + 9. Calculate the remainder when 14 + 3/(-3) + w is divided by x(5).
2
Let l(b) = -13*b - 219. Let m be l(-18). Let i(s) = -s**3 - 3*s**2 - 5*s + 4. What is the remainder when i(-4) is divided by (-2)/10 + (6 - (-78)/m)?
7
Calculate the remainder when 18450 is divided by (-1 + 29)/((15 - -1) + (-56)/4).
12
Let h = -8562 - -8723. Calculate the remainder when 161 is divided by h.
0
What is the remainder when (-9)/(-27) - ((-9)/9 + (-7564)/6) is divided by 212?
202
Let x(r) = -3*r**2 - 159*r + 443. What is the remainder when 525 is divided by x(-54)?
244
Let g = 2236 + -2187. What is the remainder when 95 is divided by g?
46
Calculate the remainder when 447 is divided by (-477)/(-15) - (-225)/(-125).
27
Calculate the remainder when 356 is divided by 6*3 + (-6561)/(-81).
59
Let s(v) = v**2 + 4*v + 6. Let k = 643 + -640. Suppose